te b(47).
-52
Let v(j) = -j**2 + 90*j + 285. Calculate v(-3).
6
Let a(n) = n**2 - 22*n + 164. Determine a(12).
44
Let k(c) = c**2 - 90*c + 1546. Give k(67).
5
Let p(q) = -q**2 + 53*q + 24. What is p(54)?
-30
Let l(s) = -s**2 + 4072*s + 81836. Determine l(-20).
-4
Let n(o) = o**2 - 4*o - 860. Determine n(-26).
-80
Let x(m) = m**3 - 124*m**2 - 1359*m + 2539. Calculate x(134).
-7
Let d(w) = -w**3 - 8*w**2 + 54*w - 7. Calculate d(-13).
136
Let h(u) = 34*u**2 - 54*u + 1. Determine h(2).
29
Let u(t) = 40*t - 3687. Give u(92).
-7
Let t(s) = 34*s + 45. Give t(-1).
11
Let j(b) = -80*b - 30. Give j(-3).
210
Let y(q) = 5*q**2 + 15*q + 15. Give y(-9).
285
Let t(g) = -g**3 - 8*g**2 - 92*g - 725. What is t(-9)?
184
Let q(x) = 47*x - 290. Determine q(6).
-8
Let w(t) = -t**2 - 656*t + 1969. Determine w(3).
-8
Let s(g) = -g**3 + 10*g**2 + 58*g - 253. Give s(13).
-6
Let v(p) = -p**3 + 6*p**2 - 36*p + 432. Calculate v(8).
16
Let x(h) = -5*h**3 + 4*h**2 - 33*h + 99. Give x(3).
-99
Let d(u) = -11*u + 5. Give d(-20).
225
Let n(y) = 2*y**2 - 72*y + 222. What is n(37)?
296
Let v(b) = b**2 + 230*b - 1204. Determine v(5).
-29
Let p(v) = -2*v**3 + 60*v**2 + 63*v - 81. Determine p(31).
-50
Let l(n) = -4*n - 228. Give l(-16).
-164
Let c(z) = -4*z**3 + 85*z**2 - 125*z + 499. Calculate c(20).
-1
Let a(z) = -z**3 + 37*z**2 + 41*z + 1439. Determine a(39).
-4
Let g(k) = k**3 + 16*k**2 - 13*k + 36. Determine g(-17).
-32
Let v(f) = -18*f**2 - 10*f + 10. Give v(2).
-82
Let p(b) = -3*b**2 - 93*b - 656. Calculate p(-20).
4
Let k(j) = j**2 + 274*j - 1640. Calculate k(6).
40
Let m(r) = 34*r - 1065. What is m(30)?
-45
Let k(b) = -3*b**2 + 1132*b + 24676. Give k(398).
0
Let s(g) = -3*g**2 + 14*g - 26. Calculate s(3).
-11
Let h(p) = -2029*p + 48707. Calculate h(24).
11
Let u(d) = -d**2 + 29*d + 146. Calculate u(34).
-24
Let t(u) = -u**3 - 18*u**2 - 22*u - 16. Determine t(-17).
69
Let p(u) = -u**3 - 62*u**2 - 342*u - 3245. What is p(-57)?
4
Let j(s) = -12*s**2 + 25*s + 44. What is j(3)?
11
Let x(m) = -m**2 - 45*m + 88. What is x(-44)?
132
Let t(p) = 5*p**2 + 70*p - 352. Calculate t(5).
123
Let n(i) = i**3 - 16*i**2 + 24*i - 9. Calculate n(14).
-65
Let q(r) = 7*r + 156. What is q(6)?
198
Let z(j) = -j**3 - 36*j**2 + 117*j - 19. What is z(-39)?
-19
Let n(j) = j**3 - 16*j**2 + 10*j + 18. Determine n(16).
178
Let a(i) = 5*i**2 + 13*i + 16. What is a(-5)?
76
Let m(t) = 527*t + 23709. Give m(-45).
-6
Let n(s) = -s + 56. Give n(102).
-46
Let x(a) = 3*a**3 + 28*a**2 + 4*a - 36. Calculate x(-9).
9
Let t(f) = f**2 - 723*f - 5856. What is t(-8)?
-8
Let o(g) = -g**3 - 11*g**2 - 2*g - 16. What is o(-9)?
-160
Let m(w) = -12*w**3 + 6*w**2 + 24*w - 62. Give m(3).
-260
Let q(t) = -87*t + 1073. Give q(12).
29
Let b(z) = z**3 - 29*z**2 + 38*z - 13. Give b(28).
267
Let f(l) = -l**2 + 8965*l - 17933. What is f(2)?
-7
Let b(a) = -14*a + 617. Calculate b(43).
15
Let t(v) = -14*v - 326. Calculate t(-22).
-18
Let g(m) = 274*m + 8745. What is g(-32)?
-23
Let n(r) = 45*r**2 + 7*r - 3. What is n(1)?
49
Let c(f) = 8*f - 290. Give c(24).
-98
Let q(n) = -147*n - 1530. Give q(-10).
-60
Let h(i) = -1166*i + 181896. Give h(156).
0
Let a(s) = 6*s**2 + 24*s + 48. Determine a(-2).
24
Let m(a) = -a**3 - 13*a**2 - 4*a + 270. Calculate m(-10).
10
Let a(o) = 366*o - 141. Calculate a(1).
225
Let k(a) = a**3 - 22*a**2 - 17*a - 120. What is k(23)?
18
Let t(v) = 75*v**2 + 79*v + 2. Give t(-1).
-2
Let j(r) = 2*r - 64. Determine j(45).
26
Let l(i) = 26*i + 1670. Calculate l(-61).
84
Let q(y) = -y**3 + 137*y**2 - 303*y + 4441. What is q(135)?
-14
Let u(a) = a**2 - 130*a + 3818. What is u(48)?
-118
Let h(r) = -1405*r - 4215. Determine h(-3).
0
Let f(w) = 8*w + 18. Calculate f(-8).
-46
Let m(q) = 8*q**2 + 67*q + 319. Determine m(-5).
184
Let p(t) = t**3 + 31*t**2 + 56*t - 33. What is p(-29)?
25
Let d(w) = 3*w**3 - 63*w**2 - 67*w + 19. Calculate d(22).
-3
Let s(z) = -73*z - 133. What is s(-2)?
13
Let q(r) = -2*r + 4. What is q(55)?
-106
Let t(p) = -26*p**3 + 6*p**2 + 14*p + 8. What is t(-1)?
26
Let m(p) = 187*p - 5009. Give m(27).
40
Let v(d) = 7*d**3 - d**2 + 10*d + 7. What is v(-3)?
-221
Let c(w) = 1134*w - 4533. What is c(4)?
3
Let y(p) = 2*p**3 + 38*p**2 + 67*p - 4. Determine y(-17).
13
Let o(t) = -t**3 + 18*t**2 - 44*t - 4. Calculate o(3).
-1
Let q(o) = -2106*o + 40011. Give q(19).
-3
Let d(f) = f**2 - 386*f - 2. Calculate d(0).
-2
Let c(n) = -2*n**2 - 324*n - 2467. Give c(-8).
-3
Let u(v) = -1125*v - 9001. Determine u(-8).
-1
Let g(j) = 479*j + 2. What is g(0)?
2
Let b(f) = -f**2 + 5*f. Give b(14).
-126
Let s(b) = 491*b + 2455. Calculate s(-5).
0
Let f(g) = -g**2 + 34*g + 1010. Calculate f(-19).
3
Let i(m) = m**3 + 9*m**2 + 23*m + 8. Calculate i(-3).
-7
Let s(a) = a**2 + 372*a - 4184. What is s(11)?
29
Let l(f) = -243*f + 40338. Calculate l(166).
0
Let i(f) = -2*f**3 + 267*f**2 + 434*f - 3924. Determine i(135).
-9
Let h(g) = 76*g + 831. Determine h(-11).
-5
Let l(y) = -y**3 - 84*y**2 + 265*y + 362. What is l(-87)?
14
Let d(s) = -71*s - 59. Give d(-1).
12
Let s(c) = -5*c - 23. What is s(4)?
-43
Let w(g) = 25*g**3 + 5*g**2 + 5*g + 1. Give w(-2).
-189
Let i(f) = -915*f + 4575. Give i(5).
0
Let m(b) = -b**3 - 3*b**2 - 6*b - 479. Determine m(0).
-479
Let h(q) = -q**2 - 24*q + 346. What is h(11)?
-39
Let f(a) = -13*a + 1034. What is f(79)?
7
Let n(p) = -2*p**3 - 13*p**2 - 19*p + 46. What is n(-4)?
42
Let q(l) = 60*l - 840. What is q(14)?
0
Let p(h) = -799*h - 10376. Calculate p(-13).
11
Let w(a) = -7*a - 119. Determine w(-14).
-21
Let y(z) = 4*z**3 + 31*z**2 + 53*z + 64. Calculate y(-6).
-2
Let p(f) = 513*f + 414. Give p(-1).
-99
Let v(c) = 58*c**2 - 4826*c + 997. Give v(83).
1
Let g(v) = 428*v - 34. Calculate g(0).
-34
Let t(j) = -j**3 - 16*j**2 + 43*j + 124. Determine t(-18).
-2
Let l(x) = 3*x**2 + 162*x + 1632. Determine l(-10).
312
Let t(o) = 1783*o + 1781. Determine t(-1).
-2
Let i(q) = -22*q**2 + 192*q + 6. What is i(9)?
-48
Let v(j) = -j**2 + 63*j - 841. Give v(44).
-5
Let r(b) = -b**2 + 40*b + 42. What is r(-1)?
1
Let u(t) = -t**3 + 42*t**2 - 20*t + 872. Give u(42).
32
Let m(h) = -4*h**3 + 7*h**2 + h - 12. Determine m(3).
-54
Let m(i) = -i**2 - 182*i + 3390. Give m(17).
7
Let w(q) = -q**3 - 6*q**2 - 6*q - 19. Give w(-4).
-27
Let l(s) = s**3 + 56*s**2 + 5*s + 300. Determine l(-56).
20
Let y(w) = -458*w - 39. Calculate y(0).
-39
Let r(c) = 29*c + 824. Give r(-29).
-17
Let u(p) = p**3 + 9*p**2 - 30*p - 306. Determine u(-7).
2
Let g(y) = -39*y**2 - 114*y + 18. Determine g(-3).
9
Let z(b) = -288*b - 4024. Give z(-14).
8
Let o(m) = 4*m**3 + 5*m**2 - 7*m - 5. What is o(-2)?
-3
Let o(y) = y**2 + 9*y - 169. Give o(-18).
-7
Let i(l) = -41*l + 516. What is i(14)?
-58
Let f(w) = 44*w - 438. Give f(7).
-130
Let o(v) = 235*v + 2575. Give o(-11).
-10
Let d(y) = -2254*y - 9008. Determine d(-4).
8
Let w(z) = -z**3 + 184*z**2 + 564*z - 548. What is w(187)?
13
Let b(s) = -s**3 - 45*s**2 - 57*s - 264. Calculate b(-44).
308
Let o(j) = 120*j - 5092. Determine o(43).
68
Let m(t) = -31*t**2 + 139*t - 84. Give m(3).
54
Let i(s) = 27*s**2 - 1379*s + 123. Calculate i(51).
21
Let f(w) = -364*w - 1075. Calculate f(-3).
17
Let n(k) = -k**3 + 3*k**2 + k - 2. Calculate n(6).
-104
Let t(f) = -98*f + 1200. Calculate t(12).
24
Let r(a) = -19*a + 929. Give r(55).
-116
Let w(n) = -970*n - 934. What is w(-1)?
36
Let g(s) = -s**2 - 17*s - 14. Determine g(-15).
16
Let u(h) = 8*h**3 - 17*h**2 + 18*h - 16. Calculate u(1).
-7
Let d(h) = -h - 16. Determine d(3).
-19
Let s(o) = -93*o**2 + 10*o + 11. Determine s(-1).
-92
Let r(z) = -z**3 + 116*z**2 + 246*z - 41520. Calculate r(115).
-5
Let p(j) = 3*j**3 - 40*j**2 - 485*j + 52. Give p(21).
10
Let a(z) = -6*z**2 + 606*z + 2484. Determine a(105).
-36
Let b(a) = 3*a**2 + 3*a + 10. Give b(-4).
46
Let b(n) = -5*n**2 + 2*n + 36. Determine b(-5).
-99
Let w(r) = 44*r**2 + 926*r - 13. What is w(-21)?
-55
Let v(b) = 108*b - 1947. Calculate v(18).
-3
Let r(k) = k**3 - 52*k**2 - 419*k + 4114. Determine r(58).
-4
Let m(j) = 107*j + 8586. Determine m(-80).
26
Let r(x) = -21*x**3 - 7*x**2 + 2*x - 2. Determine r(-3).
496
Let f(k) = -12*k**3 + k**2 - 4*k + 2. Give f(-2).
110
Let g(y) = -3*y**3 - 127*y**2 + 190*y - 1333. What is g(-44)?
-13
Let o(i) = 3*i**2 - 12*i + 6. Give o(7).
69
Let n(i) = i**3 + 15*i**2 + 23*i - 26. Calculate n(-12)